{"id":117,"date":"2026-02-19T08:23:34","date_gmt":"2026-02-19T07:23:34","guid":{"rendered":"http:\/\/192.168.175.251:8081\/?page_id=117"},"modified":"2026-03-10T12:41:14","modified_gmt":"2026-03-10T11:41:14","slug":"ablauf","status":"publish","type":"page","link":"https:\/\/nordseedartmasters.de\/index.php\/ablauf\/","title":{"rendered":"Ablauf"},"content":{"rendered":"\n<p>Die Anmeldung zu den Nordsee Dart Masters 2026 bis bis zum 11.05.2026 00:00 Uhr m\u00f6glich. Eine Anmeldung danach wird ausgeschlossen. Als &#8222;teilnehmend&#8220; gelten nur diejenigen Spieler, die die Startgeb\u00fchr bis zum 17.05.2026 bezahlt haben. Eine sp\u00e4tere Bezahlung ist nicht m\u00f6glich.<\/p>\n\n\n\n<p><strong>Samstag, 23.05.2026 &#8222;Nordsee Darts Masters &#8211; Fun&#8220;<\/strong><\/p>\n\n\n\n<p>Registration: 12:00 Uhr bis 13:45 Uhr<\/p>\n\n\n\n<p>Beginn der Gruppenphase: 14:15 Uhr<\/p>\n\n\n\n<p>Beginn der KO-Pase: ca. 19:00 Uhr &#8211; 20:00 Uhr<\/p>\n\n\n\n<p><\/p>\n\n\n\n<p><strong>Sonntag, 24.05.2026 &#8222;Nordsee Darts Masters &#8211; Double Trouble&#8220;<\/strong><\/p>\n\n\n\n<p>Registration: 08:00 Uhr bis 09:45 Uhr<\/p>\n\n\n\n<p>Beginn der Gruppenphase: 10:15 Uhr<\/p>\n\n\n\n<p>Beginn der KO-Pase: ab ca. 16:30 Uhr<\/p>\n\n\n\n<p><strong>Montag, 25.05.2026 &#8222;Nordsee Darts Masters&#8220;<\/strong><\/p>\n\n\n\n<p>Registration: 07:00 Uhr bis 08:45 Uhr<\/p>\n\n\n\n<p>Beginn der Gruppenphase: 09:15 Uhr<\/p>\n\n\n\n<p>Beginn der KO-Pase: ab ca. 17:00 Uhr<\/p>\n\n\n\n<p><\/p>\n\n\n\n<p>Eine Registrierung ist zu jedem Zeitpunkt bei der Anmeldung\/Turnierleitung m\u00f6glich. W\u00e4hrend der genannten Registrierungszeiten ist aufgrund eines h\u00f6heren Andranges lediglich eine Registrierung f\u00fcr den aktuellen Tag m\u00f6glich.<\/p>\n\n\n\n<p><\/p>\n\n\n\n<p><strong>Preispool:<\/strong><\/p>\n\n\n\n<p>Allgemein g\u00fcltiger Preispool:<\/p>\n\n\n\n<p><strong>Funturnier:<\/strong><\/p>\n\n\n\n<p>Platz 1 &#8211; 25,00%<br>Platz 2 &#8211; 15,00%<br>Platz 3 &#8211; 7,50%<br>Platz 4 &#8211; 7,50%<br>Platz 5 &#8211; 4,50%<br>Platz 6 &#8211; 4,50%<br>Platz 7 &#8211; 4,50%<br>Platz 8 &#8211; 4,50%<br>offene Vergabe: 27%<br><em>Alle weiteren Pl\u00e4tze werden abh\u00e4ngig von der Teilnehmerzahl angepasst<\/em><\/p>\n\n\n\n<p><strong>Doppelturnier:<\/strong><\/p>\n\n\n\n<p>Platz 1 &#8211; 25,00%<br>Platz 2 &#8211; 15,00%<br>Platz 3 &#8211; 7,50%<br>Platz 4 &#8211; 7,50%<br>Platz 5 &#8211; 4,50%<br>Platz 6 &#8211; 4,50%<br>Platz 7 &#8211; 4,50%<br>Platz 8 &#8211; 4,50%<br>offene Vergabe: 27%<br><em>Alle weiteren Pl\u00e4tze werden abh\u00e4ngig von der Teilnehmerzahl angepasst<\/em><\/p>\n\n\n\n<p><strong>Einzelturnier (Nordsee Dart Masters):<\/strong><\/p>\n\n\n\n<p>Platz 1 &#8211; 20,00%<br>Platz 2 &#8211; 12,00%<br>Platz 3 &#8211; 6,00%<br>Platz 4 &#8211; 6,00%<br>Platz 5 &#8211; 3,00%<br>Platz 6 &#8211; 3,00%<br>Platz 7 &#8211; 3,00%<br>Platz 8 &#8211; 3,00%<br>Platz 9 &#8211; 1,50%<br>offene Vergabe: 44%<br><em>Alle weiteren Pl\u00e4tze werden abh\u00e4ngig von der Teilnehmerzahl angepasst<\/em><\/p>\n\n\n\n<p><strong>Beispiel des Preispool bei 528 Teilnehmer:<\/strong><\/p>\n\n\n\n<p>Platz 1       &#8211; 20,00% &#8211; 2.428,80 \u20ac<br>Platz 2       &#8211; 12,00% &#8211; 1.457,28 \u20ac<br>Platz 3       &#8211; 6,00%   &#8211; 728,64 \u20ac<br>Platz 4       &#8211; 6,00%   &#8211; 728,64 \u20ac<br>Platz 5-8    &#8211; 3,00%   &#8211; 364,32 \u20ac<br>Platz 9-16  &#8211; 1,50%   &#8211; 182,16 \u20ac<br>Platz 17-32 &#8211; 1,00%  &#8211; 121,44 \u20ac<br>Platz 33-64 &#8211; 0,50%  &#8211; 60,72 \u20ac<\/p>\n","protected":false},"excerpt":{"rendered":"<p>Die Anmeldung zu den Nordsee Dart Masters 2026 bis bis zum 11.05.2026 00:00 Uhr m\u00f6glich. Eine Anmeldung danach wird ausgeschlossen. Als &#8222;teilnehmend&#8220; gelten nur diejenigen Spieler, die die Startgeb\u00fchr bis zum 17.05.2026 bezahlt haben. Eine sp\u00e4tere Bezahlung ist nicht m\u00f6glich. Samstag, 23.05.2026 &#8222;Nordsee Darts Masters &#8211; Fun&#8220; Registration: 12:00 Uhr [&hellip;]<\/p>\n","protected":false},"author":1,"featured_media":0,"parent":0,"menu_order":0,"comment_status":"closed","ping_status":"closed","template":"","meta":{"_themeisle_gutenberg_block_has_review":false,"footnotes":""},"class_list":["post-117","page","type-page","status-publish","hentry"],"_links":{"self":[{"href":"https:\/\/nordseedartmasters.de\/index.php\/wp-json\/wp\/v2\/pages\/117","targetHints":{"allow":["GET"]}}],"collection":[{"href":"https:\/\/nordseedartmasters.de\/index.php\/wp-json\/wp\/v2\/pages"}],"about":[{"href":"https:\/\/nordseedartmasters.de\/index.php\/wp-json\/wp\/v2\/types\/page"}],"author":[{"embeddable":true,"href":"https:\/\/nordseedartmasters.de\/index.php\/wp-json\/wp\/v2\/users\/1"}],"replies":[{"embeddable":true,"href":"https:\/\/nordseedartmasters.de\/index.php\/wp-json\/wp\/v2\/comments?post=117"}],"version-history":[{"count":2,"href":"https:\/\/nordseedartmasters.de\/index.php\/wp-json\/wp\/v2\/pages\/117\/revisions"}],"predecessor-version":[{"id":236,"href":"https:\/\/nordseedartmasters.de\/index.php\/wp-json\/wp\/v2\/pages\/117\/revisions\/236"}],"wp:attachment":[{"href":"https:\/\/nordseedartmasters.de\/index.php\/wp-json\/wp\/v2\/media?parent=117"}],"curies":[{"name":"wp","href":"https:\/\/api.w.org\/{rel}","templated":true}]}}